{"id":3733,"date":"2016-07-21T10:16:03","date_gmt":"2016-07-21T10:16:03","guid":{"rendered":"http:\/\/impreza7.us-themes.com\/?page_id=25"},"modified":"2021-10-04T08:39:45","modified_gmt":"2021-10-04T08:39:45","slug":"home","status":"publish","type":"page","link":"https:\/\/pracowniafstudio.pl\/","title":{"rendered":"F-Studio"},"content":{"rendered":"<section class=\"l-section wpb_row shift_bg_image height_medium full_height valign_bottom with_img\"><div class=\"l-section-img\" style=\"background-image: url(https:\/\/pracowniafstudio.pl\/wp-content\/uploads\/2019\/10\/5-scaled.jpg);background-repeat: no-repeat;\" data-img-width=\"2560\" data-img-height=\"1707\"><\/div><div class=\"l-section-h i-cf\"><div class=\"g-cols via_flex valign_top type_default\"><div class=\"vc_col-sm-6 wpb_column vc_column_container  has_bg_color\"><div class=\"vc_column-inner us_custom_c594d2b8 us_animate_this\"><div class=\"wpb_wrapper\"><div class=\"wpb_text_column\"><div class=\"wpb_wrapper\"><h1>Nowoczesne, eleganckie<br \/>\ni luksusowe wn\u0119trze<\/h1>\n<p>Indywidualne podej\u015bcie do projektowania prywatnych mieszka\u0144 i przestrzeni publicznych.<\/p>\n<\/div><\/div><div class=\"w-separator size_small\"><\/div><div class=\"w-btn-wrapper align_none\"><a class=\"w-btn us-btn-style_3\" title=\"Portfolio\" href=\"https:\/\/pracowniafstudio.pl\/?page_id=3199\"><span class=\"w-btn-label\">Portfolio<\/span><\/a><\/div><\/div><\/div><\/div><div class=\"vc_col-sm-6 wpb_column vc_column_container\"><div class=\"vc_column-inner\"><div class=\"wpb_wrapper\"><\/div><\/div><\/div><\/div><\/div><\/section><section class=\"l-section wpb_row height_large\"><div class=\"l-section-h i-cf\"><div class=\"g-cols via_flex valign_top type_default\"><div class=\"vc_col-sm-9 wpb_column vc_column_container \"><div class=\"vc_column-inner us_custom_60e9caca us_animate_this\"><div class=\"wpb_wrapper\"><div class=\"wpb_text_column\"><div class=\"wpb_wrapper\"><h2>Oferujemy pe\u0142en zakres us\u0142ug projektowych<\/h2>\n<\/div><\/div><div class=\"w-separator size_medium\"><\/div><div class=\"g-cols wpb_row via_flex valign_top type_default\"><div class=\"vc_col-sm-6 wpb_column vc_column_container \"><div class=\"vc_column-inner us_custom_3683a75f us_animate_this\"><div class=\"wpb_wrapper\"><div class=\"wpb_text_column\"><div class=\"wpb_wrapper\"><p>Posiadamy do\u015bwiadczenie w projektowaniu i tworzeniu unikalnych projekt\u00f3w wn\u0119trz.<\/p>\n<\/div><\/div><\/div><\/div><\/div><div class=\"vc_col-sm-3 wpb_column vc_column_container \"><div class=\"vc_column-inner us_custom_47d40b1d us_animate_this\"><div class=\"wpb_wrapper\"><div class=\"w-btn-wrapper align_none\"><a class=\"w-btn us-btn-style_3\" title=\"About Me\" href=\"https:\/\/pracowniafstudio.pl\/?page_id=1293\"><span class=\"w-btn-label\">O nas<\/span><\/a><\/div><\/div><\/div><\/div><\/div><\/div><\/div><\/div><div class=\"vc_col-sm-3 wpb_column vc_column_container\"><div class=\"vc_column-inner\"><div class=\"wpb_wrapper\"><\/div><\/div><\/div><\/div><\/div><\/section><section class=\"l-section wpb_row height_large color_alternate\"><div class=\"l-section-h i-cf\"><div class=\"g-cols via_flex valign_top type_default\"><div class=\"vc_col-sm-12 wpb_column vc_column_container \"><div class=\"vc_column-inner us_custom_60e9caca us_animate_this\"><div class=\"wpb_wrapper\"><div class=\"wpb_text_column\"><div class=\"wpb_wrapper\"><h2 style=\"text-align: left;\">Ostatnie projekty<\/h2>\n<\/div><\/div><div class=\"w-separator size_medium\"><\/div><div class=\"w-grid type_grid layout_portfolio_7 cols_4 ratio_1x1\" id=\"us_grid_1\" data-filterable=\"true\"><style>#us_grid_1 .w-grid-item{padding:0.75rem}#us_grid_1 .w-grid-list{margin:-0.75rem}.w-grid + #us_grid_1 .w-grid-list{margin-top:0.75rem}@media (max-width:1199px){#us_grid_1 .w-grid-item{width:33.3333%}#us_grid_1 .w-grid-item.size_2x1,#us_grid_1 .w-grid-item.size_2x2{width:66.6667%}}@media (max-width:899px){#us_grid_1 .w-grid-item{width:50%}#us_grid_1 .w-grid-item.size_2x1,#us_grid_1 .w-grid-item.size_2x2{width:100%}}@media (max-width:599px){#us_grid_1 .w-grid-list{margin:0}#us_grid_1 .w-grid-item{width:100%;padding:0;margin-bottom:0.75rem}}@media (min-width:1024px){#us_grid_1 .w-post-elm.post_title{font-size:1.4rem!important}}.layout_portfolio_7 .w-grid-item-h:before{padding-bottom:100%}@media (min-width:600px){.layout_portfolio_7 .w-grid-item.size_1x2 .w-grid-item-h:before{padding-bottom:calc(200% + 0.75rem + 0.75rem)}.layout_portfolio_7 .w-grid-item.size_2x1 .w-grid-item-h:before{padding-bottom:calc(50% - 0.75rem * 1)}.layout_portfolio_7 .w-grid-item.size_2x2 .w-grid-item-h:before{padding-bottom:calc(100% - 0.75rem * 0)}}.layout_portfolio_7 .w-grid-item-h{}.layout_portfolio_7 .usg_post_image_1{transition-duration:0.4s;transform-origin:50% 50%;transform:scale(1.1) translate(0,0)}.layout_portfolio_7 .w-grid-item-h:hover .usg_post_image_1{transform:scale(1) translate(0,0);opacity:0.1}.layout_portfolio_7 .usg_post_title_1{transition-duration:0.4s;transform-origin:50% 50%;transform:scale(1) translate(0,-50%);opacity:0}.layout_portfolio_7 .w-grid-item-h:hover .usg_post_title_1{transform:scale(1) translate(0,0);opacity:1}.layout_portfolio_7 .usg_post_taxonomy_1{transition-duration:0.4s;transform-origin:50% 50%;transform:scale(1) translate(0,50%);opacity:0}.layout_portfolio_7 .w-grid-item-h:hover .usg_post_taxonomy_1{transform:scale(1) translate(0,0);opacity:1}.layout_portfolio_7 .usg_html_1{transition-duration:0.4s;transform-origin:50% 50%;transform:scale(1.1) translate(0,0);opacity:0}.layout_portfolio_7 .w-grid-item-h:hover .usg_html_1{transform:scale(1) translate(0,0);opacity:1}.layout_portfolio_7 .usg_post_image_1{position:absolute!important;top:0!important;right:0!important;bottom:0!important;left:0!important}.layout_portfolio_7 .usg_vwrapper_1{position:absolute!important;top:0!important;right:0!important;bottom:0!important;left:0!important;padding:2.6rem!important}.layout_portfolio_7 .usg_post_title_1{color:inherit!important;font-size:1.4rem!important}.layout_portfolio_7 .usg_html_1{position:absolute!important;top:1.3rem!important;right:1.3rem!important;bottom:1.3rem!important;left:1.3rem!important;border-style:solid!important;border-width:2px!important}<\/style><div class=\"w-grid-list\">\t<article class=\"w-grid-item size_1x1 post-3882 us_portfolio type-us_portfolio status-publish has-post-thumbnail hentry\" data-id=\"3882\">\r\n\t\t<div class=\"w-grid-item-h\">\r\n\t\t\t\t\t\t\t<a class=\"w-grid-item-anchor\" href=\"https:\/\/pracowniafstudio.pl\/?us_portfolio=sol-marina\" rel=\"bookmark\" aria-label=\"APARTAMENT SOL MARINA &#8211; GDA\u0143SK\"><\/a>\r\n\t\t\t\t\t\t<div class=\"w-post-elm post_image usg_post_image_1 stretched\"><img width=\"1024\" height=\"683\" src=\"https:\/\/pracowniafstudio.pl\/wp-content\/uploads\/2025\/07\/01_Dariusz-Jarzabek_Sol-Marina-1024x683.jpg\" class=\"attachment-large size-large wp-post-image\" alt=\"\" loading=\"lazy\" srcset=\"https:\/\/pracowniafstudio.pl\/wp-content\/uploads\/2025\/07\/01_Dariusz-Jarzabek_Sol-Marina-1024x683.jpg 1024w, https:\/\/pracowniafstudio.pl\/wp-content\/uploads\/2025\/07\/01_Dariusz-Jarzabek_Sol-Marina-300x200.jpg 300w\" sizes=\"(max-width: 1024px) 100vw, 1024px\" \/><\/div><div class=\"w-html usg_html_1\"><\/div><div class=\"w-vwrapper usg_vwrapper_1 align_center valign_middle\"><h2 class=\"w-post-elm post_title usg_post_title_1 entry-title color_link_inherit has_text_color\">APARTAMENT SOL MARINA &#8211; GDA\u0143SK<\/h2><\/div>\t\t<\/div>\r\n\t<\/article>\r\n\t<article class=\"w-grid-item size_1x1 post-4079 us_portfolio type-us_portfolio status-publish has-post-thumbnail hentry\" data-id=\"4079\">\r\n\t\t<div class=\"w-grid-item-h\">\r\n\t\t\t\t\t\t\t<a class=\"w-grid-item-anchor\" href=\"https:\/\/pracowniafstudio.pl\/?us_portfolio=gdansk-nadmotlawie\" rel=\"bookmark\" aria-label=\"GDA\u0143SK NADMOT\u0141AWIE\"><\/a>\r\n\t\t\t\t\t\t<div class=\"w-post-elm post_image usg_post_image_1 stretched\"><img width=\"683\" height=\"1024\" src=\"https:\/\/pracowniafstudio.pl\/wp-content\/uploads\/2024\/09\/F_STUDIO_apartament_Nadmotlawie_kroniki_13_3000-683x1024.jpg\" class=\"attachment-large size-large wp-post-image\" alt=\"\" loading=\"lazy\" srcset=\"https:\/\/pracowniafstudio.pl\/wp-content\/uploads\/2024\/09\/F_STUDIO_apartament_Nadmotlawie_kroniki_13_3000-683x1024.jpg 683w, https:\/\/pracowniafstudio.pl\/wp-content\/uploads\/2024\/09\/F_STUDIO_apartament_Nadmotlawie_kroniki_13_3000-200x300.jpg 200w, https:\/\/pracowniafstudio.pl\/wp-content\/uploads\/2024\/09\/F_STUDIO_apartament_Nadmotlawie_kroniki_13_3000-scaled.jpg 1707w\" sizes=\"(max-width: 683px) 100vw, 683px\" \/><\/div><div class=\"w-html usg_html_1\"><\/div><div class=\"w-vwrapper usg_vwrapper_1 align_center valign_middle\"><h2 class=\"w-post-elm post_title usg_post_title_1 entry-title color_link_inherit has_text_color\">GDA\u0143SK NADMOT\u0141AWIE<\/h2><\/div>\t\t<\/div>\r\n\t<\/article>\r\n\t<article class=\"w-grid-item size_1x1 post-3933 us_portfolio type-us_portfolio status-publish has-post-thumbnail hentry us_portfolio_tag-agata-pawletko us_portfolio_tag-kuchnia us_portfolio_tag-nowoczesny us_portfolio_tag-projekt-wnetrza us_portfolio_tag-wizualizacja\" data-id=\"3933\">\r\n\t\t<div class=\"w-grid-item-h\">\r\n\t\t\t\t\t\t\t<a class=\"w-grid-item-anchor\" href=\"https:\/\/pracowniafstudio.pl\/?us_portfolio=nowoczesna-stodola-na-obrzezach-gdyni\" rel=\"bookmark\" aria-label=\"NOWOCZESNA STODO\u0141A NA OBRZE\u017bACH GDYNI\"><\/a>\r\n\t\t\t\t\t\t<div class=\"w-post-elm post_image usg_post_image_1 stretched\"><img width=\"1024\" height=\"683\" src=\"https:\/\/pracowniafstudio.pl\/wp-content\/uploads\/2024\/01\/DSC08685-1024x683.jpg\" class=\"attachment-large size-large wp-post-image\" alt=\"\" loading=\"lazy\" srcset=\"https:\/\/pracowniafstudio.pl\/wp-content\/uploads\/2024\/01\/DSC08685-1024x683.jpg 1024w, https:\/\/pracowniafstudio.pl\/wp-content\/uploads\/2024\/01\/DSC08685-300x200.jpg 300w\" sizes=\"(max-width: 1024px) 100vw, 1024px\" \/><\/div><div class=\"w-html usg_html_1\"><\/div><div class=\"w-vwrapper usg_vwrapper_1 align_center valign_middle\"><h2 class=\"w-post-elm post_title usg_post_title_1 entry-title color_link_inherit has_text_color\">NOWOCZESNA STODO\u0141A NA OBRZE\u017bACH GDYNI<\/h2><\/div>\t\t<\/div>\r\n\t<\/article>\r\n\t<article class=\"w-grid-item size_1x1 post-3938 us_portfolio type-us_portfolio status-publish has-post-thumbnail hentry us_portfolio_tag-agata-pawletko us_portfolio_tag-aneks us_portfolio_tag-gdansk us_portfolio_tag-kuchnia us_portfolio_tag-letnica us_portfolio_tag-mieszkanie us_portfolio_tag-na-wynajem us_portfolio_tag-nowoczesny us_portfolio_tag-pokoj us_portfolio_tag-projekt-wnetrza us_portfolio_tag-salon us_portfolio_tag-sypialnia us_portfolio_tag-lazienka\" data-id=\"3938\">\r\n\t\t<div class=\"w-grid-item-h\">\r\n\t\t\t\t\t\t\t<a class=\"w-grid-item-anchor\" href=\"https:\/\/pracowniafstudio.pl\/?us_portfolio=dom-w-dobrzewinie\" rel=\"bookmark\" aria-label=\"DOM W DOBRZEWINIE\"><\/a>\r\n\t\t\t\t\t\t<div class=\"w-post-elm post_image usg_post_image_1 stretched\"><img width=\"1024\" height=\"683\" src=\"https:\/\/pracowniafstudio.pl\/wp-content\/uploads\/2023\/01\/DSC06803-1024x683.jpg\" class=\"attachment-large size-large wp-post-image\" alt=\"\" loading=\"lazy\" srcset=\"https:\/\/pracowniafstudio.pl\/wp-content\/uploads\/2023\/01\/DSC06803-1024x683.jpg 1024w, https:\/\/pracowniafstudio.pl\/wp-content\/uploads\/2023\/01\/DSC06803-300x200.jpg 300w, https:\/\/pracowniafstudio.pl\/wp-content\/uploads\/2023\/01\/DSC06803.jpg 2048w\" sizes=\"(max-width: 1024px) 100vw, 1024px\" \/><\/div><div class=\"w-html usg_html_1\"><\/div><div class=\"w-vwrapper usg_vwrapper_1 align_center valign_middle\"><h2 class=\"w-post-elm post_title usg_post_title_1 entry-title color_link_inherit has_text_color\">DOM W DOBRZEWINIE<\/h2><\/div>\t\t<\/div>\r\n\t<\/article>\r\n<\/div><div class=\"w-grid-preloader\"><div class=\"g-preloader type_1\">\r\n\t<div><\/div>\r\n<\/div>\r\n<\/div>\t<div class=\"w-grid-json hidden\" onclick='return {&quot;action&quot;:&quot;us_ajax_grid&quot;,&quot;ajax_url&quot;:&quot;https:\\\/\\\/pracowniafstudio.pl\\\/wp-admin\\\/admin-ajax.php&quot;,&quot;infinite_scroll&quot;:0,&quot;max_num_pages&quot;:3,&quot;pagination&quot;:&quot;none&quot;,&quot;permalink_url&quot;:&quot;https:\\\/\\\/pracowniafstudio.pl&quot;,&quot;template_vars&quot;:{&quot;columns&quot;:&quot;4&quot;,&quot;exclude_items&quot;:&quot;none&quot;,&quot;img_size&quot;:&quot;default&quot;,&quot;ignore_items_size&quot;:false,&quot;items_layout&quot;:&quot;portfolio_7&quot;,&quot;items_offset&quot;:&quot;1&quot;,&quot;load_animation&quot;:&quot;none&quot;,&quot;overriding_link&quot;:&quot;post&quot;,&quot;post_id&quot;:3733,&quot;query_args&quot;:{&quot;post_type&quot;:[&quot;us_portfolio&quot;],&quot;post_status&quot;:[&quot;publish&quot;],&quot;posts_per_page&quot;:&quot;4&quot;},&quot;orderby_query_args&quot;:{&quot;orderby&quot;:{&quot;date&quot;:&quot;DESC&quot;}},&quot;type&quot;:&quot;grid&quot;,&quot;us_grid_ajax_index&quot;:1,&quot;us_grid_filter_params&quot;:null,&quot;us_grid_index&quot;:1,&quot;_us_grid_post_type&quot;:&quot;us_portfolio&quot;}}'><\/div>\r\n\t<\/div><div class=\"w-separator size_medium\"><\/div><div class=\"w-btn-wrapper align_none\"><a class=\"w-btn us-btn-style_3\" title=\"Portfolio\" href=\"https:\/\/pracowniafstudio.pl\/?page_id=3199\"><span class=\"w-btn-label\">Portfolio<\/span><\/a><\/div><\/div><\/div><\/div><\/div><\/div><\/section><section class=\"l-section wpb_row height_medium\"><div class=\"l-section-h i-cf\"><div class=\"g-cols via_flex valign_top type_default\"><div class=\"vc_col-sm-12 wpb_column vc_column_container \"><div class=\"vc_column-inner us_custom_60e9caca us_animate_this\"><div class=\"wpb_wrapper\"><div class=\"wpb_text_column\"><div class=\"wpb_wrapper\"><h2>Us\u0142ugi<\/h2>\n<\/div><\/div><div class=\"w-separator size_medium\"><\/div><div class=\"w-tabs style_default switch_click accordion has_scrolling remove_indents\" style=\"--sections-title-size:1.6rem\"><div class=\"w-tabs-sections titles-align_none icon_plus cpos_right\"><div class=\"w-tabs-section\" id=\"1568020862825-8b1bfcfe-9839\"><button aria-controls=\"content-1568020862825-8b1bfcfe-9839\" class=\"w-tabs-section-header\"><h3 class=\"w-tabs-section-title\">I \u2013 us\u0142uga doradcza<\/h3><div class=\"w-tabs-section-control\"><\/div><\/button><div class=\"w-tabs-section-content\" id=\"content-1568020862825-8b1bfcfe-9839\" aria-expanded=\"false\"><div class=\"w-tabs-section-content-h i-cf\"><div class=\"wpb_text_column\"><div class=\"wpb_wrapper\"><ul>\n<li>3 uk\u0142ady funkcjonalne, przygotowane na przekazanych rzutach<\/li>\n<li>moodboard pogl\u0105dowy<\/li>\n<li>lista zakupowa (bez wyszczeg\u00f3lnienia ilo\u015bci u\u017cytych materia\u0142\u00f3w)<\/li>\n<\/ul>\n<\/div><\/div><\/div><\/div><\/div><div class=\"w-tabs-section\" id=\"1568020862842-7f0bcec4-e2da\"><button aria-controls=\"content-1568020862842-7f0bcec4-e2da\" class=\"w-tabs-section-header\"><h3 class=\"w-tabs-section-title\">II \u2013 us\u0142uga koncepcyjna<\/h3><div class=\"w-tabs-section-control\"><\/div><\/button><div class=\"w-tabs-section-content\" id=\"content-1568020862842-7f0bcec4-e2da\" aria-expanded=\"false\"><div class=\"w-tabs-section-content-h i-cf\"><div class=\"wpb_text_column\"><div class=\"wpb_wrapper\"><ul>\n<li>3 uk\u0142ady funkcjonalne, przygotowane po inwentaryzacji<\/li>\n<li>moodboard pogl\u0105dowy<\/li>\n<li>wizualizacje 3D<\/li>\n<li>dokumentacja: zmiany \u015bcian, hydraulika, elektryka, o\u015bwietlenie, sufity podwieszane<\/li>\n<li>niezb\u0119dne rysunki potrzebne do realizacji wn\u0119trza<\/li>\n<li>lista zakupowa, u\u017cytych w projekcie materia\u0142\u00f3w i mebli oraz element\u00f3w dekoracyjnych<\/li>\n<\/ul>\n<\/div><\/div><\/div><\/div><\/div><div class=\"w-tabs-section\" id=\"1568020870759-9534faab-dbc2\"><button aria-controls=\"content-1568020870759-9534faab-dbc2\" class=\"w-tabs-section-header\"><h3 class=\"w-tabs-section-title\">III \u2013 us\u0142uga pe\u0142na<\/h3><div class=\"w-tabs-section-control\"><\/div><\/button><div class=\"w-tabs-section-content\" id=\"content-1568020870759-9534faab-dbc2\" aria-expanded=\"false\"><div class=\"w-tabs-section-content-h i-cf\"><div class=\"wpb_text_column\"><div class=\"wpb_wrapper\"><ul>\n<li>3 uk\u0142ady funkcjonalne, przygotowane po inwentaryzacji<\/li>\n<li>moodboard pogl\u0105dowy<\/li>\n<li>wizualizacje 3D<\/li>\n<li>dokumentacja: zmiany \u015bcian, hydraulika, elektryka, o\u015bwietlenie, sufity podwieszane<\/li>\n<li>niezb\u0119dne rysunki potrzebne do realizacji wn\u0119trza<\/li>\n<li>lista zakupowa, u\u017cytych w projekcie materia\u0142\u00f3w i mebli oraz element\u00f3w dekoracyjnych<\/li>\n<li>szacunkowy kosztorys<\/li>\n<li>dzie\u0144 \u201ezakupowy\u201d<\/li>\n<li>3 \u2013 5 wizyt na budowie<\/li>\n<\/ul>\n<\/div><\/div><\/div><\/div><\/div><div class=\"w-tabs-section\" id=\"1568020873731-3e6edfbc-fc38\"><button aria-controls=\"content-1568020873731-3e6edfbc-fc38\" class=\"w-tabs-section-header\"><h3 class=\"w-tabs-section-title\">IV \u2013 HOME STAGING<\/h3><div class=\"w-tabs-section-control\"><\/div><\/button><div class=\"w-tabs-section-content\" id=\"content-1568020873731-3e6edfbc-fc38\" aria-expanded=\"false\"><div class=\"w-tabs-section-content-h i-cf\"><div class=\"wpb_text_column\"><div class=\"wpb_wrapper\"><ul>\n<li>pomoc w przygotowaniu inwestycji do sprzeda\u017cy, b\u0105d\u017a wynajmu<\/li>\n<\/ul>\n<\/div><\/div><\/div><\/div><\/div><\/div><\/div><div class=\"w-separator size_medium\"><\/div><div class=\"w-btn-wrapper align_none\"><a class=\"w-btn us-btn-style_3\" title=\"Services and Prices\" href=\"https:\/\/pracowniafstudio.pl\/?page_id=1301\"><span class=\"w-btn-label\">Us\u0142ugi<\/span><\/a><\/div><\/div><\/div><\/div><\/div><\/div><\/section><section class=\"l-section wpb_row height_auto width_full\"><div class=\"l-section-h i-cf\"><div class=\"g-cols via_flex valign_top type_default\"><div class=\"vc_col-sm-12 wpb_column vc_column_container\"><div class=\"vc_column-inner\"><div class=\"wpb_wrapper\"><section class=\"l-section wpb_row height_medium\"><div class=\"l-section-h i-cf\"><div class=\"g-cols via_flex valign_top type_default\"><div class=\"vc_col-sm-12 wpb_column vc_column_container us_animate_afb\"><div class=\"vc_column-inner\"><div class=\"wpb_wrapper\"><div class=\"wpb_text_column\"><div class=\"wpb_wrapper\"><h2>Potrzebujesz wi\u0119cej informacji?<\/h2>\n<\/div><\/div><\/div><\/div><\/div><\/div><\/div><\/section><section class=\"l-section wpb_row height_medium color_alternate\"><div class=\"l-section-h i-cf\"><div class=\"g-cols via_flex valign_top type_default\"><div class=\"vc_col-sm-6 wpb_column vc_column_container us_animate_fade\"><div class=\"vc_column-inner\"><div class=\"wpb_wrapper\"><div class=\"wpb_text_column\"><div class=\"wpb_wrapper\"><h3><a href=\"mailto:biuro@pracowniafstudio.pl\">biuro(at)pracowniafstudio.pl<\/a><\/h3>\n<\/div><\/div><\/div><\/div><\/div><div class=\"vc_col-sm-4 wpb_column vc_column_container us_animate_afb\" style=\"animation-delay:0.25s\"><div class=\"vc_column-inner\"><div class=\"wpb_wrapper\"><div class=\"wpb_text_column\"><div class=\"wpb_wrapper\"><p>Skontaktuj si\u0119 z nami, aby uzyska\u0107 szczeg\u00f3\u0142owe informacje na temat tworzenia projekt\u00f3w i zarz\u0105dzania nimi, funkcji projektu oraz us\u0142ug i cen.<\/p>\n<\/div><\/div><\/div><\/div><\/div><\/div><\/div><\/section>\n<\/div><\/div><\/div><\/div><\/div><\/section>\n","protected":false},"excerpt":{"rendered":"DOM W DOBRZEWINIERok 2022 Powierzchnia 120 m2 DOM W DOBRZEWINIEProjekt obj\u0105\u0142 jedynie cz\u0119\u015b\u0107 domu. Nasza dzia\u0142alno\u015b\u0107 skupi\u0142a si\u0119 wok\u00f3\u0142 salonu z kuchni\u0105, jadalni, sypialni i jednej z dw\u00f3ch \u0142azienek. Pocz\u0105tkowo mia\u0142 by\u0107 to tylko lifting wn\u0119trza po\u0142\u0105czony ze zmian\u0105 uk\u0142adu funkcjonalnego projektowanej przestrzeni. Za\u0142o\u017ceniem by\u0142o wprowadzenie harmonii, sp\u00f3jnej kolorystyki, kt\u00f3ra mia\u0142a by\u0107 t\u0142em dla kolekcji...","protected":false},"author":1,"featured_media":0,"parent":0,"menu_order":0,"comment_status":"closed","ping_status":"closed","template":"","meta":[],"_links":{"self":[{"href":"https:\/\/pracowniafstudio.pl\/index.php?rest_route=\/wp\/v2\/pages\/3733"}],"collection":[{"href":"https:\/\/pracowniafstudio.pl\/index.php?rest_route=\/wp\/v2\/pages"}],"about":[{"href":"https:\/\/pracowniafstudio.pl\/index.php?rest_route=\/wp\/v2\/types\/page"}],"author":[{"embeddable":true,"href":"https:\/\/pracowniafstudio.pl\/index.php?rest_route=\/wp\/v2\/users\/1"}],"replies":[{"embeddable":true,"href":"https:\/\/pracowniafstudio.pl\/index.php?rest_route=%2Fwp%2Fv2%2Fcomments&post=3733"}],"version-history":[{"count":56,"href":"https:\/\/pracowniafstudio.pl\/index.php?rest_route=\/wp\/v2\/pages\/3733\/revisions"}],"predecessor-version":[{"id":4658,"href":"https:\/\/pracowniafstudio.pl\/index.php?rest_route=\/wp\/v2\/pages\/3733\/revisions\/4658"}],"wp:attachment":[{"href":"https:\/\/pracowniafstudio.pl\/index.php?rest_route=%2Fwp%2Fv2%2Fmedia&parent=3733"}],"curies":[{"name":"wp","href":"https:\/\/api.w.org\/{rel}","templated":true}]}}